{"id":1474,"date":"2018-01-22T00:40:37","date_gmt":"2018-01-22T00:40:37","guid":{"rendered":"https:\/\/www.evento.love\/blog\/?page_id=1474"},"modified":"2019-07-09T14:16:56","modified_gmt":"2019-07-09T12:16:56","slug":"quienes-somos","status":"publish","type":"page","link":"https:\/\/www.evento.love\/blog\/quienes-somos\/","title":{"rendered":"Qui\u00e9nes somos"},"content":{"rendered":"<p class=\"texto\">Somos gente feliz con una gran pasi\u00f3n:\u00a0<span style=\"color: #006cab;\"><strong>hacerte feliz<\/strong><\/span>.<\/p>\n<p class=\"texto\">Y sabemos que eres feliz cuando te vemos disfrutando de un momento \u00fanico e irrepetible. Cuando te vemos concentrado s\u00f3lo en tu familia y amigos, orgulloso de lo que est\u00e1 pasando y despreocupado por todo lo que no sea tu propia felicidad y la de las tuyos.<\/p>\n<p class=\"texto\">Conseguir esto, que parece muy complejo, es en realidad muy sencillo. S\u00f3lo es preciso que un equipo muy experimentado y con la mayor profesionalidad este enteramente a tu servicio, para que tu fiesta o evento sea todo lo que siempre quisiste que sea.<\/p>\n<p><iframe loading=\"lazy\" src=\"https:\/\/www.youtube.com\/embed\/9FU9YQmEj4U\" width=\"1140\" height=\"671\" frameborder=\"0\" allowfullscreen=\"allowfullscreen\"><\/iframe><\/p>\n<p class=\"texto\">Y para ello\u00a0<span style=\"color: #006cab;\"><strong>organizamos eventos m\u00e1gicos<\/strong><\/span>\u00a0de esos que se disfrutan desde el primer momento y que quedan en el recuerdo para siempre.<\/p>\n<p class=\"texto\">Porque en conseguir que sean m\u00e1gicos ponemos toda nuestra pasi\u00f3n,\u00a0<span style=\"color: #006cab;\"><strong>ocup\u00e1ndonos de cada detalle con mucho amor y mucho mimo<\/strong><\/span>, aportando tambi\u00e9n originalidad y armon\u00eda art\u00edstica para que sea a su vez diferente, maravilloso, exclusivo para ti. \u00a1Porque t\u00fa te lo mereces! Buscamos sorprenderte y sorprendernos siendo tus consejeros y c\u00f3mplices para juntos hacer que surja la magia, porque somos rom\u00e1nticos y so\u00f1adores, enamorados de los momentos \u00fanicos e inolvidables.<\/p>\n<p class=\"texto\">Y tambi\u00e9n somos este equipo de profesionales comprometidos, innovadores, creativos y cercanos con una misi\u00f3n clara: materializar tus ideas y sue\u00f1os para hacer realidad ese maravilloso d\u00eda elegido por ti y para ti y tus seres queridos, para celebrar ese acontecimiento \u00fanico en tu vida.<\/p>\n<p class=\"texto-destacado center\"><a href=\"https:\/\/evento.love\/solicita-tu-presupuesto.html\">\u00bfNos cuentas como podemos hacerte feliz?\u00a0<span class=\"icon\"><img decoding=\"async\" loading=\"lazy\" src=\"https:\/\/evento.love\/images\/ico-quienes-somos.gif\" width=\"100\" height=\"66\" \/><\/span><\/a><\/p>\n","protected":false},"excerpt":{"rendered":"<p>Somos gente feliz con una gran pasi\u00f3n:\u00a0hacerte feliz. Y sabemos que eres feliz cuando te vemos disfrutando de un momento \u00fanico e irrepetible. Cuando te vemos concentrado s\u00f3lo en tu familia y amigos, orgulloso de lo que est\u00e1 pasando y despreocupado por todo lo que no sea tu propia felicidad y la de las tuyos. Conseguir esto, que parece muy complejo, es en realidad muy sencillo. S\u00f3lo es preciso que un equipo muy experimentado y con la mayor profesionalidad este&#8230;<\/p>\n<p class=\"read-more\"><a class=\"btn btn-default\" href=\"https:\/\/www.evento.love\/blog\/quienes-somos\/\"> Leer m\u00e1s<span class=\"screen-reader-text\">  Leer m\u00e1s<\/span><\/a><\/p>\n","protected":false},"author":1,"featured_media":5,"parent":0,"menu_order":0,"comment_status":"closed","ping_status":"closed","template":"","meta":{"content-type":""},"yoast_head":"<!-- This site is optimized with the Yoast SEO plugin v20.7 - https:\/\/yoast.com\/wordpress\/plugins\/seo\/ -->\n<title>Qui\u00e9nes somos - El Blog de evento.love<\/title>\n<meta name=\"description\" content=\"Organiza tus fiestas, comuniones, bautizos, cumplea\u00f1os, baby shower, bodas y grandes celebraciones en Madrid con evento.love, \u00a1No te arrepentir\u00e1s!\" \/>\n<meta name=\"robots\" content=\"index, follow, max-snippet:-1, max-image-preview:large, max-video-preview:-1\" \/>\n<meta property=\"og:locale\" content=\"es_ES\" \/>\n<meta property=\"og:type\" content=\"article\" \/>\n<meta property=\"og:title\" content=\"Qui\u00e9nes somos - El Blog de evento.love\" \/>\n<meta property=\"og:description\" content=\"Organiza tus fiestas, comuniones, bautizos, cumplea\u00f1os, baby shower, bodas y grandes celebraciones en Madrid con evento.love, \u00a1No te arrepentir\u00e1s!\" \/>\n<meta property=\"og:url\" content=\"https:\/\/www.evento.love\/blog\/quienes-somos\/\" \/>\n<meta property=\"og:site_name\" content=\"El Blog de evento.love\" \/>\n<meta property=\"article:publisher\" content=\"https:\/\/www.facebook.com\/Evento.love\/\" \/>\n<meta property=\"article:modified_time\" content=\"2019-07-09T12:16:56+00:00\" \/>\n<meta property=\"og:image\" content=\"https:\/\/www.evento.love\/blog\/wp-content\/uploads\/2016\/07\/logo-evento-love.png\" \/>\n\t<meta property=\"og:image:width\" content=\"197\" \/>\n\t<meta property=\"og:image:height\" content=\"59\" \/>\n\t<meta property=\"og:image:type\" content=\"image\/png\" \/>\n<meta name=\"twitter:card\" content=\"summary_large_image\" \/>\n<meta name=\"twitter:site\" content=\"@Evento_love\" \/>\n<meta name=\"twitter:label1\" content=\"Tiempo de lectura\" \/>\n\t<meta name=\"twitter:data1\" content=\"1 minuto\" \/>\n<!-- \/ Yoast SEO plugin. -->","yoast_head_json":{"title":"Qui\u00e9nes somos - El Blog de evento.love","description":"Organiza tus fiestas, comuniones, bautizos, cumplea\u00f1os, baby shower, bodas y grandes celebraciones en Madrid con evento.love, \u00a1No te arrepentir\u00e1s!","robots":{"index":"index","follow":"follow","max-snippet":"max-snippet:-1","max-image-preview":"max-image-preview:large","max-video-preview":"max-video-preview:-1"},"og_locale":"es_ES","og_type":"article","og_title":"Qui\u00e9nes somos - El Blog de evento.love","og_description":"Organiza tus fiestas, comuniones, bautizos, cumplea\u00f1os, baby shower, bodas y grandes celebraciones en Madrid con evento.love, \u00a1No te arrepentir\u00e1s!","og_url":"https:\/\/www.evento.love\/blog\/quienes-somos\/","og_site_name":"El Blog de evento.love","article_publisher":"https:\/\/www.facebook.com\/Evento.love\/","article_modified_time":"2019-07-09T12:16:56+00:00","og_image":[{"width":197,"height":59,"url":"https:\/\/www.evento.love\/blog\/wp-content\/uploads\/2016\/07\/logo-evento-love.png","type":"image\/png"}],"twitter_card":"summary_large_image","twitter_site":"@Evento_love","twitter_misc":{"Tiempo de lectura":"1 minuto"},"schema":{"@context":"https:\/\/schema.org","@graph":[{"@type":"WebPage","@id":"https:\/\/www.evento.love\/blog\/quienes-somos\/","url":"https:\/\/www.evento.love\/blog\/quienes-somos\/","name":"Qui\u00e9nes somos - El Blog de evento.love","isPartOf":{"@id":"https:\/\/www.evento.love\/blog\/#website"},"datePublished":"2018-01-22T00:40:37+00:00","dateModified":"2019-07-09T12:16:56+00:00","description":"Organiza tus fiestas, comuniones, bautizos, cumplea\u00f1os, baby shower, bodas y grandes celebraciones en Madrid con evento.love, \u00a1No te arrepentir\u00e1s!","breadcrumb":{"@id":"https:\/\/www.evento.love\/blog\/quienes-somos\/#breadcrumb"},"inLanguage":"es","potentialAction":[{"@type":"ReadAction","target":["https:\/\/www.evento.love\/blog\/quienes-somos\/"]}]},{"@type":"BreadcrumbList","@id":"https:\/\/www.evento.love\/blog\/quienes-somos\/#breadcrumb","itemListElement":[{"@type":"ListItem","position":1,"name":"Evento.love","item":"https:\/\/www.evento.love\/blog\/"},{"@type":"ListItem","position":2,"name":"Qui\u00e9nes somos"}]},{"@type":"WebSite","@id":"https:\/\/www.evento.love\/blog\/#website","url":"https:\/\/www.evento.love\/blog\/","name":"El Blog de evento.love","description":"T\u00fa lo mereces. Disfruta de tu momento","publisher":{"@id":"https:\/\/www.evento.love\/blog\/#organization"},"potentialAction":[{"@type":"SearchAction","target":{"@type":"EntryPoint","urlTemplate":"https:\/\/www.evento.love\/blog\/?s={search_term_string}"},"query-input":"required name=search_term_string"}],"inLanguage":"es"},{"@type":"Organization","@id":"https:\/\/www.evento.love\/blog\/#organization","name":"evento.love","url":"https:\/\/www.evento.love\/blog\/","logo":{"@type":"ImageObject","inLanguage":"es","@id":"https:\/\/www.evento.love\/blog\/#\/schema\/logo\/image\/","url":"https:\/\/www.evento.love\/blog\/wp-content\/uploads\/2016\/07\/logo-evento-love.png","contentUrl":"https:\/\/www.evento.love\/blog\/wp-content\/uploads\/2016\/07\/logo-evento-love.png","width":197,"height":59,"caption":"evento.love"},"image":{"@id":"https:\/\/www.evento.love\/blog\/#\/schema\/logo\/image\/"},"sameAs":["https:\/\/www.facebook.com\/Evento.love\/","https:\/\/twitter.com\/Evento_love","https:\/\/www.instagram.com\/evento.love\/","https:\/\/es.pinterest.com\/evento_love\/","https:\/\/www.youtube.com\/channel\/UCcVbo6ymzx-7FlDJja8aQnw"]}]}},"_links":{"self":[{"href":"https:\/\/www.evento.love\/blog\/wp-json\/wp\/v2\/pages\/1474"}],"collection":[{"href":"https:\/\/www.evento.love\/blog\/wp-json\/wp\/v2\/pages"}],"about":[{"href":"https:\/\/www.evento.love\/blog\/wp-json\/wp\/v2\/types\/page"}],"author":[{"embeddable":true,"href":"https:\/\/www.evento.love\/blog\/wp-json\/wp\/v2\/users\/1"}],"replies":[{"embeddable":true,"href":"https:\/\/www.evento.love\/blog\/wp-json\/wp\/v2\/comments?post=1474"}],"version-history":[{"count":6,"href":"https:\/\/www.evento.love\/blog\/wp-json\/wp\/v2\/pages\/1474\/revisions"}],"predecessor-version":[{"id":1480,"href":"https:\/\/www.evento.love\/blog\/wp-json\/wp\/v2\/pages\/1474\/revisions\/1480"}],"wp:featuredmedia":[{"embeddable":true,"href":"https:\/\/www.evento.love\/blog\/wp-json\/wp\/v2\/media\/5"}],"wp:attachment":[{"href":"https:\/\/www.evento.love\/blog\/wp-json\/wp\/v2\/media?parent=1474"}],"curies":[{"name":"wp","href":"https:\/\/api.w.org\/{rel}","templated":true}]}}